7 and z.
7
Let j(m) = 27*m + 618. Let v be j(-14). What is the highest common factor of v and 1560?
120
Let n(i) = -20*i - 26. Let v be n(-4). What is the greatest common divisor of 54 and v?
54
Let s(x) = x**2 - 18*x + 76. Let d be s(14). What is the greatest common factor of d and 8?
4
Let h(b) = -3*b**3 + 8 - 10*b - 3*b**2 + 2*b**3 + 2*b**3 + 0*b**3. Let x be h(5). What is the greatest common divisor of 8 and x?
8
Let n = 26 - 15. Let g(d) = d**3 - 11*d**2 + 4. Let l be g(n). Suppose -175 = -t + 7*y - 2*y, l*t + 4*y = 700. Calculate the highest common factor of 25 and t.
25
Suppose -20*x + 32 = -18*x. Let q be (1 - -219)*(-76)/(-95). What is the greatest common divisor of q and x?
16
Let w = 19 - -7. Suppose -1 = -5*x - 6, 4*d - 466 = -2*x. Calculate the greatest common factor of d and w.
13
Suppose -1334 = -5*f - 6*i + 4*i, -3*f = 5*i - 808. What is the highest common factor of 19 and f?
19
Let g = 17 - 20. Let b = g + 17. Calculate the highest common factor of b and 56.
14
Suppose 5*w - 13 = 3*p + 8, -21 = -w - 5*p. Let c be (-280)/w*(3 - 6). Calculate the greatest common factor of c and 56.
28
Let d be 14/(-4)*(21 - 27). Suppose 0 = -2*j + 53 - 11. What is the highest common factor of j and d?
21
Let y be 2/(4/8 + (-39)/84). Let r = 8 - 5. Suppose -r*q = -8*q + 40. What is the greatest common divisor of q and y?
8
Let s(t) = t**2 + 1. Let n be s(-2). Suppose -4*o = 2*i - 130, o = i - n + 45. What is the highest common factor of o and 35?
35
Let s(z) = -z**3 + 8*z**2 - 4*z - 5. Let r be s(7). Let h be (-11 - 1)*740/(-111). Calculate the greatest common divisor of h and r.
16
Suppose 5*w = -3*k + 381, 3*k + 2*w - 258 = k. Let i = k - 125. Calculate the highest common factor of i and 7.
7
Let s = -45 + 45. Suppose 0*d - 7*d + 119 = s. What is the greatest common divisor of d and 68?
17
Let m(q) = 14*q - 13. Let v be m(5). Let l = v - -78. Calculate the greatest common divisor of 27 and l.
27
Suppose -4*d = -b + 130, -3*b - d + 373 = 4*d. Suppose -f = -18*j + 13*j - 19, -3*j - 17 = -f. What is the greatest common factor of b and f?
14
Suppose 5*u - 43 = 57. Let x be ((-36)/(-10))/(6/u). Let f be 6/(-2) + (3 - -96). Calculate the highest common divisor of x and f.
12
Let s be (-3)/(-15)*-2 + 1027/5. Calculate the greatest common factor of s and 82.
41
Let m(s) = -s**2 - 30*s + 5. Let g be m(-30). What is the greatest common factor of 5 and g?
5
Suppose -88 = -l - 76. Calculate the highest common divisor of 300 and l.
12
Suppose -5*j + 103 = -47. Let q be 304/(-24)*j/(-4). What is the greatest common factor of 19 and q?
19
Let u(j) = -7*j + 64. Let g(s) = 36*s - 319. Let n(a) = -2*g(a) - 11*u(a). Let w be n(22). What is the highest common divisor of 220 and w?
44
Let t = 28 + -26. Let p be t + 9 - 2/(-2). Calculate the highest common divisor of 6 and p.
6
Let s = -51 + 57. Calculate the greatest common divisor of s and 48.
6
Let a = -888 + 1592. Calculate the greatest common divisor of 220 and a.
44
Let t be (6 - (7 - 4)) + 2. Let x be 6/(-10) + (-18)/45. Let i = t - x. What is the greatest common divisor of i and 6?
6
Suppose -1 + 1 = -5*b. Suppose 4*y = -i - b*i + 21, 13 = i - 4*y. What is the greatest common factor of 136 and i?
17
Let j = 221 - 71. Let n = -90 + j. What is the highest common factor of 12 and n?
12
Let f = -1276 + 1444. What is the greatest common divisor of f and 24?
24
Let t be (-194)/(-18) + 10/45. Let y(h) = -2*h**2 - 126*h + 271. Let k be y(-64). Calculate the highest common factor of k and t.
11
Let m be (13 + -3)/(2/2). Suppose 0 = -5*n + m*n. Suppose -g + 4*r + 103 = 0, n = 3*g + 3*r - 8*r - 295. Calculate the highest common divisor of g and 38.
19
Suppose -4*a + 33 = -31. Let p be 40/22 + 26/143. Suppose 2*d - p*w = 56, 7*w + 80 = 3*d + 3*w. Calculate the highest common factor of d and a.
16
Let k = -23 + 49. Suppose -74*j - 28*j = -9*j - 7254. Calculate the greatest common divisor of j and k.
26
Let s = -106 - -75. Let n = -122 + 175. Let h = n + s. Calculate the highest common factor of 110 and h.
22
Let a be (-77)/42*-15*6. What is the highest common factor of a and 33?
33
Let q be ((-24)/(-5))/((-45)/(-2400)). Suppose -5*l = -9*l + q. What is the highest common factor of l and 96?
32
Let m = -7 + 7. Suppose m = 5*h + 5*g, -4*h - 2*g - 8 = -2. Let v be 47 - 3/h*-3. Calculate the greatest common divisor of v and 11.
11
Let b be ((-6)/(-9))/(2/9). Suppose -72 = b*a - 855. What is the greatest common factor of a and 29?
29
Suppose -11 - 7 = -2*s. Suppose s = 6*k - 3*k. Let a(o) = -2*o**3 - o**2. Let j be a(-2). Calculate the highest common factor of k and j.
3
Let s be (-66)/(-11) + -9 - -175. What is the highest common divisor of 129 and s?
43
Let m(c) = -c - 19. Let h be m(-22). Suppose f = -h*l - 2, -12*f + 15*f = 3*l + 42. Calculate the greatest common factor of f and 6.
2
Let b(x) = 3*x**3 + x**2. Suppose -2 = -2*z - 4. Let y be b(z). Let v be 565/10 + 1/y. What is the greatest common divisor of v and 7?
7
Let g = 1122 - 716. Calculate the highest common factor of 28 and g.
14
Let u be -1*-1*(-1 - -2) - 94. Let v = -38 - u. What is the greatest common factor of 5 and v?
5
Suppose -14*o + 9*o - 380 = -5*i, 2*i + 2*o = 136. What is the greatest common factor of i and 36?
36
Suppose -4*o = 7*o. Suppose 0 = 5*b + 2*t - 179, 4*b + 3*t - 7*t - 132 = o. Calculate the greatest common factor of b and 70.
35
Suppose -3*i = -i - 24. Suppose -11*b = -7*b - i. Suppose -4*q = -b*q - 8. Calculate the greatest common divisor of 1 and q.
1
Let g be (1/(-2))/(1/8). Let h be (-5)/((-10)/(-6)) + (-68)/g. What is the greatest common factor of h and 112?
14
Let t be -1 - -2*(-35)/(-14). What is the greatest common factor of t and 88?
4
Let w(k) = k**3 + 5*k**2 - 6*k - 2. Let z(u) = -u. Let y(r) = w(r) + z(r). Let n be y(-6). Let b = 351 - 347. What is the highest common divisor of n and b?
4
Let o be ((-4)/12*-3)/1. Let c = 8 - 7. What is the highest common divisor of c and o?
1
Let b = 0 - -4. Let i(g) = g**2 + 7*g + 2. Let c be i(-8). Let j be (16/c)/((-6)/(-15)). Calculate the greatest common divisor of b and j.
4
Suppose -5*o + 31 = -9. Let a be (8/(-5))/(o/40). Let s(m) = m**3 + 8*m**2 - 2*m + 2. Let y be s(a). Calculate the greatest common factor of y and 72.
18
Suppose 3*v - 92 = 2*z, -2*v + 7*z - 2*z = -54. Calculate the highest common factor of 352 and v.
32
Suppose -8*i = 5*r - 9*i - 3513, -5*r + 3519 = -3*i. What is the greatest common divisor of r and 54?
54
Let s = -1728 - -1752. Calculate the greatest common divisor of 1704 and s.
24
Let k(h) = h + 9. Let q = -50 - -55. Let y be k(q). Calculate the highest common divisor of 14 and y.
14
Let a be ((-22)/(-3 - -1))/1. Let j be (-4)/(-1)*a/4. Let s = -146 + 267. Calculate the highest common factor of j and s.
11
Suppose -3*q = q + 12. Let c(w) = -2*w**2 - 3*w + 13. Let y be c(-3). Let x be (y + -2)*(-24)/q. Calculate the highest common divisor of x and 24.
8
Let a = 202 - 42. Let c be a/(-3)*1/((-6)/9). Calculate the highest common factor of c and 16.
16
Suppose 0 = -4*n + 3*o + 932, 2*n - 5*o - 367 - 113 = 0. What is the highest common factor of 92 and n?
46
Suppose -64*h = -63*h - 308. Let o = -189 + h. What is the highest common divisor of o and 17?
17
Let x = 8 + -5. Let f be x + (250/2)/5. What is the greatest common factor of f and 4?
4
Let y = -20808 - -30532. Let n be (-2)/(-5) + y/65. Suppose t + 41 = 4*t + 2*z, -t - 5*z + 5 = 0. Calculate the highest common factor of t and n.
15
Suppose -11*l + 6 = -9*l. Suppose 0 = l*y + y. Let x be -24*(y - 3/6). Calculate the highest common divisor of 60 and x.
12
Let a(b) = 3*b - 34. Let c be a(17). Suppose -4*w + 79 = -c. What is the greatest common divisor of 60 and w?
12
Suppose 2*u - 15 = 5*r, 3*u + 0*u - 42 = r. Suppose -5*o + u = -0*o. Suppose -o*p - p + 216 = 0. Calculate the greatest common divisor of p and 6.
6
Let f(o) = 25*o - 163. Let c be f(40). Calculate the greatest common factor of 93 and c.
93
Let h be 0/1 - (-17 - -14). Let d(n) = 2 - 3*n - h - 1 + 2*n. Let p be d(-6). Calculate the greatest common divisor of 2 and p.
2
Let o(d) = 55 + 0*d + 0*d + 2*d + 0*d. Let u be o(0). Calculate the highest common factor of 22 and u.
11
Let d = 64 - -44. Calculate the greatest common divisor of 4 and d.
4
Let x be